(base 9) to base 10
7054
4020 (base 7) to base 13
828
What is 5639 (base 13) in base 3?
121112012
Convert -555 (base 8) to base 10.
-365
-cb7 (base 16) to base 4
-302313
e6 (base 16) to base 5
1410
Convert 126324 (base 8) to base 4.
22303110
-52 (base 15) to base 12
-65
Convert 2b01 (base 13) to base 5.
200004
-1a6 (base 13) to base 8
-461
What is 12000202 (base 3) in base 10?
3665
Convert -49a (base 12) to base 2.
-1010110110
Convert 10130 (base 4) to base 16.
11c
161 (base 7) to base 13
71
Convert 255032 (base 6) to base 4.
11221130
-54a6 (base 12) to base 10
-9342
-141 (base 10) to base 11
-119
Convert 22211 (base 5) to base 10.
1556
What is 1131034 (base 5) in base 15?
6249
Convert 6802 (base 16) to base 4.
12200002
-ca (base 14) to base 12
-12a
What is 26121 (base 8) in base 3?
120120012
What is 212 (base 3) in base 10?
23
82375 (base 10) to base 2
10100000111000111
What is 5b3 (base 14) in base 3?
1120010
-72141 (base 8) to base 3
-1111212110
7917 (base 14) to base 4
11020001
-55235 (base 6) to base 12
-451b
Convert 4541 (base 6) to base 8.
2055
What is 5225 (base 6) in base 12?
815
What is 101012001 (base 3) in base 14?
29c6
a8 (base 12) to base 13
9b
-322330 (base 5) to base 3
-120001010
-1971 (base 10) to base 2
-11110110011
-83f (base 16) to base 5
-31421
What is -126 (base 14) in base 4?
-3212
Convert -3050 (base 9) to base 3.
-10001200
Convert 5630 (base 7) to base 6.
13222
Convert -138c (base 14) to base 6.
-24000
What is -1002022011 (base 3) in base 12?
-10441
16341 (base 8) to base 5
214033
Convert -118c (base 13) to base 11.
-1957
120102 (base 3) to base 6
1532
Convert 3a5 (base 14) to base 6.
3221
What is 1da (base 15) in base 9?
527
201221 (base 3) to base 15
25d
What is -723d (base 16) in base 7?
-151156
Convert 330 (base 10) to base 13.
1c5
-ac16 (base 13) to base 11
-17054
What is 7308 (base 9) in base 15?
18be
What is -10222102 (base 4) in base 14?
-6d58
10c8 (base 14) to base 16
b68
Convert -57131 (base 9) to base 14.
-dbd7
What is 4193 (base 14) in base 12?
6659
What is -13326 (base 13) in base 2?
-1000101101101011
What is 1ab3 (base 16) in base 14?
26c3
What is -526 (base 14) in base 11?
-842
Convert 540 (base 7) to base 15.
133
Convert -121010221 (base 3) to base 12.
-698a
-110614 (base 7) to base 8
-46071
1445 (base 11) to base 14
972
What is -155 (base 7) in base 14?
-65
Convert -20 (base 16) to base 13.
-26
-3210 (base 10) to base 8
-6212
-312044 (base 5) to base 10
-10274
-1011011000011 (base 2) to base 6
-42551
Convert 15 (base 6) to base 7.
14
Convert 586 (base 10) to base 3.
210201
-6343 (base 12) to base 14
-3d51
62404 (base 9) to base 13
15967
Convert -1113 (base 6) to base 4.
-10011
Convert 41b (base 14) to base 4.
30221
Convert -1a5 (base 12) to base 13.
-179
Convert -23721 (base 8) to base 15.
-3048
2548 (base 10) to base 15
b4d
What is 10203 (base 4) in base 11?
245
-1010011001 (base 2) to base 7
-1640
Convert -11323102 (base 4) to base 16.
-5ed2
What is -3140 (base 5) in base 13?
-264
Convert -24612 (base 8) to base 6.
-121122
1a882 (base 12) to base 3
1222212022
42c (base 14) to base 11
68a
2363 (base 7) to base 8
1556
-46 (base 9) to base 4
-222
-3239 (base 11) to base 2
-1000010110101
2cb (base 14) to base 9
704
1647 (base 8) to base 16
3a7
What is 22110 (base 3) in base 16?
e4
What is -3235 (base 6) in base 10?
-743
-32875 (base 9) to base 14
-7d73
Convert 13415 (base 6) to base 16.
833
What is 100000000011101 (base 2) in base 3?
211111220
What is 44143 (base 6) in base 10?
6111
What is -a647 (base 13) in base 10?
-23043
Convert 1313 (base 4) to base 3.
11102
Convert 2705 (base 9) to base 3.
2210012
120201 (base 3) to base 12
2b4
What is 356e (base 16) in base 3?
200202121
50b (base 12) to base 6
3215
-13248 (base 13) to base 8
-105336
Convert -33234 (base 6) to base 9.
-6314
Convert -2341 (base 5) to base 8.
-532
ea (base 16) to base 7
453
Convert 5100 (base 10) to base 5.
130400
43622 (base 7) to base 14
3db9
Convert 296 (base 16) to base 2.
1010010110
What is 16d5 (base 15) in base 9?
6672
-25f (base 16) to base 5
-4412
What is -533 (base 16) in base 8?
-2463
-10110221 (base 5) to base 7
-460611
Convert 342125 (base 6) to base 7.
150353
Convert 1133 (base 5) to base 12.
120
Convert 111101010100 (base 2) to base 10.
3924
Convert -10011100011 (base 2) to base 11.
-a38
What is -153 (base 13) in base 7?
-456
What is -102001 (base 3) in base 13?
-19c
Convert 1354 (base 6) to base 8.
546
What is -110001000111 (base 2) in base 4?
-301013
Convert 24a (base 16) to base 8.
1112
What is -1022 (base 9) in base 3?
-1000202
-1595 (base 11) to base 10
-2040
What is 197a3 (base 12) in base 13?
14055
Convert -78 (base 13) to base 16.
-63
What is 414505 (base 6) in base 16?
82a9
What is 203116 (base 8) in base 13?
24745
What is b72 (base 13) in base 10?
1952
110010 (base 2) to base 9
55
What is -3c38 (base 15) in base 6?
-135342
Convert 1881 (base 10) to base 11.
1460
What is -41355 (base 6) in base 10?
-5543
Convert 1035 (base 15) to base 4.
311201
What is -235241 (base 6) in base 9?
-31247
Convert 24731 (base 10) to base 3.
1020220222
1001111010101 (base 2) to base 7
20542
Convert -1b7 (base 14) to base 2.
-101100101
Convert -501133 (base 6) to base 16.
-98f1
Convert 220033 (base 4) to base 3.
10112101
-a818 (base 14) to base 11
-1a8a1
-1553 (base 6) to base 12
-2b9
4243 (base 5) to base 13
351
What is 252 (base 10) in base 11?
20a
1870 (base 9) to base 4
112200
Convert 16a44 (base 11) to base 6.
302325
3314 (base 8) to base 13
a3b
What is -d268 (base 14) in base 9?
-54533
What is 20131 (base 7) in base 15?
169d
What is 55252 (base 7) in base 4?
3120133
-18206 (base 11) to base 12
-12941
What is -2230002 (base 5) in base 14?
-104c9
Convert 2422440 (base 5) to base 10.
45370
What is -10000000000001 (base 2) in base 16?
-2001
105015 (base 7) to base 9
27373
Convert -14553 (base 8) to base 10.
-6507
Convert 17c (base 14) to base 12.
216
Convert 23129 (base 12) to base 2.
1011011011110001
9d30 (base 16) to base 15
bdca
Convert 6452 (base 8) to base 13.
16c3
-1214 (base 8) to base 10
-652
What is 18ab (base 14) in base 3?
20010022
Convert -1045 (base 11) to base 10.
-1380
What is 356 (base 16) in base 2?
1101010110
What is 16301 (base 8) in base 12?
4315
Convert -15588 (base 13) to base 16.
-9e37
What is -30310 (base 5) in base 13?
-b75
Convert -737 (base 10) to base 5.
-10422
4113 (base 7) to base 12
9b3
What is -2081 (base 9) in base 3?
-2002201
35 (base 12) to base 8
51
What is -7b1 (base 13) in base 15?
-5d7
-200221120 (base 3) to base 8
-32764
Convert -8544 (base 15) to base 8.
-67035
Convert 199a (base 11) to base 15.
b39
11 (base 12) to base 3
111
What is -2c4 (base 14) in base 13?
-345
10111111111000 (base 2) to base 12
7134
-725 (base 10) to base 11
-5aa
What is -626 (base 7) in base 3?
-102122
Convert -809 (base 11) to base 14.
-4db
What is 100 (base 6) in base 5?
121
Convert -b7 (base 12) to base 14.
-9d
1347 (base 13) to base 8
5313
a6a6 (base 14) to base 11
1a678
What is 1343 (base 7) in base 3?
201022
Convert 31da (base 14) to base 6.
103524
Convert 23071 (base 8) to base 4.
2120321
What is 24b6 (base 12) in base 9?
5643
Convert 160440 (base 8) to base 14.
17008
-2330 (base 5) to base 7
-664
What is -15454 (base 7) in base 11?
-32a6
Convert -13b9 (base 12) to base 4.
-203331
202212 (base 4) to base 9
3030
What is 111 (base 10) in base 11?
a1
Convert 66467 (base 8) to base 11.
1a008
Convert 24320 (base 5) to base 6.
12255
203102 (base 4) to base 13
1049
What is a2d (base 14) in base 7?
5556
What is 110002 (base 4) in base 7?
3511
What is -77d6 (base 15) in base 11?
-180a2
What is 50295 (base 10) in base 2?
1100010001110111
What is -200122202 (base 3) in base 11?
-a245
-131442 (base 5) to base 16
-147f
-1100121022 (base 3) to base 11
-19059
-7a7 (base 16) to base 8
-3647
What is 50a6 (base 11) in base 8?
15163
What is c7d (base 15) in base 12?
176a
Convert 20112 (base 4) to base 5.
4114
What is 58 (base 9) in base 12?
45
-2139 (base 10) to base 13
-c87
What is -7855 (base 12) in base 8?
-32001
What is -329 (base 15) in base 14?
-390
21221231 (base 4) to base 15
baa8
What is 206224 (base 7) in base 10?
35788
What is -222 (base 5) in base 9?
-68
-452 (base 16) to base 3
-1111222
-1501 (base 7) to base 1